inder when 307 is divided by 306?
1
Calculate the remainder when 179 is divided by 32.
19
Calculate the remainder when 243 is divided by 35.
33
What is the remainder when 377 is divided by 142?
93
What is the remainder when 502 is divided by 36?
34
Calculate the remainder when 389 is divided by 103.
80
Calculate the remainder when 1753 is divided by 20.
13
What is the remainder when 924 is divided by 103?
100
Calculate the remainder when 6046 is divided by 11.
7
Calculate the remainder when 830 is divided by 7.
4
What is the remainder when 400 is divided by 198?
4
Calculate the remainder when 56 is divided by 12.
8
Calculate the remainder when 95 is divided by 32.
31
Calculate the remainder when 44 is divided by 9.
8
What is the remainder when 2744 is divided by 183?
182
Calculate the remainder when 2111 is divided by 88.
87
Calculate the remainder when 405 is divided by 51.
48
What is the remainder when 2437 is divided by 58?
1
Calculate the remainder when 77 is divided by 14.
7
What is the remainder when 731 is divided by 93?
80
Calculate the remainder when 247 is divided by 66.
49
What is the remainder when 173 is divided by 44?
41
What is the remainder when 372 is divided by 11?
9
Calculate the remainder when 223 is divided by 45.
43
What is the remainder when 147 is divided by 1?
0
What is the remainder when 1341 is divided by 283?
209
Calculate the remainder when 5521 is divided by 173.
158
Calculate the remainder when 1285 is divided by 13.
11
What is the remainder when 589 is divided by 123?
97
Calculate the remainder when 1085 is divided by 26.
19
Calculate the remainder when 36 is divided by 13.
10
What is the remainder when 1123 is divided by 42?
31
Calculate the remainder when 5623 is divided by 935.
13
What is the remainder when 889 is divided by 9?
7
What is the remainder when 481 is divided by 165?
151
Calculate the remainder when 508 is divided by 15.
13
What is the remainder when 416 is divided by 68?
8
What is the remainder when 508 is divided by 498?
10
Calculate the remainder when 101 is divided by 77.
24
Calculate the remainder when 64 is divided by 21.
1
Calculate the remainder when 318 is divided by 19.
14
What is the remainder when 174 is divided by 80?
14
What is the remainder when 496 is divided by 140?
76
Calculate the remainder when 883 is divided by 52.
51
Calculate the remainder when 142 is divided by 54.
34
Calculate the remainder when 248 is divided by 80.
8
What is the remainder when 187 is divided by 13?
5
What is the remainder when 319 is divided by 226?
93
Calculate the remainder when 763 is divided by 376.
11
Calculate the remainder when 62 is divided by 22.
18
Calculate the remainder when 106 is divided by 18.
16
What is the remainder when 402 is divided by 31?
30
Calculate the remainder when 266 is divided by 90.
86
Calculate the remainder when 4114 is divided by 147.
145
What is the remainder when 138 is divided by 21?
12
Calculate the remainder when 83 is divided by 14.
13
Calculate the remainder when 5625 is divided by 12.
9
What is the remainder when 120 is divided by 19?
6
What is the remainder when 163 is divided by 100?
63
What is the remainder when 548 is divided by 67?
12
Calculate the remainder when 490 is divided by 229.
32
Calculate the remainder when 1319 is divided by 60.
59
Calculate the remainder when 234 is divided by 76.
6
What is the remainder when 400 is divided by 69?
55
Calculate the remainder when 2419 is divided by 22.
21
What is the remainder when 268 is divided by 39?
34
What is the remainder when 261 is divided by 3?
0
What is the remainder when 823 is divided by 27?
13
What is the remainder when 170 is divided by 39?
14
Calculate the remainder when 198 is divided by 54.
36
What is the remainder when 203 is divided by 52?
47
What is the remainder when 1852 is divided by 185?
2
What is the remainder when 633 is divided by 284?
65
What is the remainder when 76 is divided by 29?
18
Calculate the remainder when 490 is divided by 217.
56
Calculate the remainder when 447 is divided by 9.
6
What is the remainder when 250 is divided by 21?
19
Calculate the remainder when 318 is divided by 20.
18
Calculate the remainder when 182 is divided by 46.
44
Calculate the remainder when 633 is divided by 6.
3
What is the remainder when 1909 is divided by 32?
21
What is the remainder when 3719 is divided by 17?
13
What is the remainder when 297 is divided by 27?
0
Calculate the remainder when 754 is divided by 187.
6
What is the remainder when 191 is divided by 8?
7
Calculate the remainder when 1064 is divided by 275.
239
What is the remainder when 3406 is divided by 24?
22
Calculate the remainder when 465 is divided by 79.
70
Calculate the remainder when 287 is divided by 29.
26
Calculate the remainder when 26709 is divided by 168.
165
Calculate the remainder when 515 is divided by 55.
20
Calculate the remainder when 509 is divided by 170.
169
Calculate the remainder when 450 is divided by 330.
120
What is the remainder when 4310 is divided by 19?
16
What is the remainder when 10572 is divided by 3521?
9
What is the remainder when 5273 is divided by 48?
41
Calculate the remainder when 3574 is divided by 199.
191
What is the remainder when 438 is divided by 2?
0
Calculate the remainder when 2104 is divided by 141.
130
What is the remainder when 23160 is divided by 41?
36
Calculate the remainder when 415 is divided by 139.
137
Calculate the remainder when 844 is divided by 16.
12
Calculate the remainder when 88 is divided by 37.
14
What is the remainder when 348 is divided by 158?
32
What is the remainder when 25 is divided by 3?
1
Calculate the remainder when 10828 is divided by 119.
118
What is the remainder when 119 is divided by 3?
2
Calculate the remainder when 1461 is divided by 34.
33
Calculate the remainder when 10849 is divided by 35.
34
What is the remainder when 856 is divided by 39?
37
Calculate the remainder when 131 is divided by 45.
41
What is the remainder when 1268 is divided by 24?
20
What is the remainder when 11 is divided by 4?
3
What is the remainder when 11024 is divided by 147?
146
What is the remainder when 120 is divided by 31?
27
What is the remainder when 1059 is divided by 18?
15
What is the remainder when 2221 is divided by 171?
169
What is the remainder when 153 is divided by 33?
21
What is the remainder when 7432 is divided by 42?
40
Calculate the remainder when 960 is divided by 37.
35
What is the remainder when 1819 is divided by 203?
195
What is the remainder when 148 is divided by 6?
4
What is the remainder when 1083 is divided by 34?
29
Calculate the remainder when 73 is divided by 26.
21
What is the remainder when 16446 is divided by 235?
231
Calculate the remainder when 376 is divided by 9.
7
What is the remainder when 272 is divided by 56?
48
What is the remainder when 809 is divided by 135?
134
What is the remainder when 117 is divided by 42?
33
What is the remainder when 458 is divided by 216?
26
What is the remainder when 127 is divided by 46?
35
Calculate the remainder when 155 is divided by 98.
57
What is the remainder when 317 is divided by 32?
29
Calculate the remainder when 296 is divided by 44.
32
What is the remainder when 734 is divided by 8?
6
Calculate the remainder when 484 is divided by 18.
16
What is the remainder when 544 is divided by 79?
70
What is the remainder when 3374 is divided by 75?
74
What is the remainder when 924 is divided by 35?
14
Calculate the remainder when 329 is divided by 29.
10
Calculate the remainder when 1056 is divided by 285.
201
Calculate the remainder when 12476 is divided by 5.
1
What is the remainder when 126 is divided by 15?
6
Calculate the remainder when 110 is divided by 39.
32
Calculate the remainder when 304 is divided by 78.
70
Calculate the remainder when 2023 is divided by 62.
39
What is the remainder when 2107 is divided by 44?
39
Calculate the remainder when 152 is divided by 144.
8
What is the remainder when 605 is divided by 19?
16
What is the remainder when 139 is divided by 47?
45
Calculate the remainder when 960 is divided by 69.
63
What is the remainder when 340 is divided by 9?
7
Calculate the remainder when 4347 is divided by 4.
3
What is the remainder when 6897 is divided by 74?
15
What is